{"id":143,"date":"2019-09-06T09:21:32","date_gmt":"2019-09-06T09:21:32","guid":{"rendered":"https:\/\/staging.resineo.com\/guides\/?page_id=143"},"modified":"2021-02-23T08:10:03","modified_gmt":"2021-02-23T08:10:03","slug":"granulat","status":"publish","type":"page","link":"https:\/\/staging.resineo.com\/guides\/revetement-resine\/resine-sol-exterieur\/granulat\/","title":{"rendered":"Quel granulat de pierre est associ\u00e9 \u00e0 la r\u00e9sine de sol pour l\u2019ext\u00e9rieur ?"},"content":{"rendered":"\t\t<div data-elementor-type=\"wp-post\" data-elementor-id=\"143\" class=\"elementor elementor-143\" data-elementor-post-type=\"page\">\n\t\t\t\t\t\t<section class=\"elementor-section elementor-top-section elementor-element elementor-element-5a744ba elementor-section-boxed elementor-section-height-default elementor-section-height-default\" data-id=\"5a744ba\" data-element_type=\"section\">\n\t\t\t\t\t\t<div class=\"elementor-container elementor-column-gap-default\">\n\t\t\t\t\t<div class=\"elementor-column elementor-col-100 elementor-top-column elementor-element elementor-element-4d4e587f\" data-id=\"4d4e587f\" data-element_type=\"column\">\n\t\t\t<div class=\"elementor-widget-wrap elementor-element-populated\">\n\t\t\t\t\t\t<div class=\"elementor-element elementor-element-15338a04 elementor-widget elementor-widget-text-editor\" data-id=\"15338a04\" data-element_type=\"widget\" data-widget_type=\"text-editor.default\">\n\t\t\t\t<div class=\"elementor-widget-container\">\n\t\t\t\t\t\t\t\t\t<p><\/p>\n<p><span style=\"font-weight: 400;\">Sachant que la r\u00e9sine de pierre est un <a href=\"https:\/\/staging.resineo.com\/guides\/revetement-resine\/resine-sol-exterieur\/\">rev\u00eatement de sol<\/a> compos\u00e9 plus de 90% de granulat min\u00e9ral, il est \u00e9vident que le choix de ce mat\u00e9riau va jouer un r\u00f4le d\u00e9terminant du point de vue de la qualit\u00e9 et de la r\u00e9sistance du produit fini.<\/span><\/p>\n<p><\/p>\n<figure class=\"wp-block-image\"><img fetchpriority=\"high\" decoding=\"async\" width=\"650\" height=\"407\" src=\"https:\/\/staging.resineo.com\/guides\/wp-content\/uploads\/sites\/2\/2019\/10\/revetement-sol-ext\u00e9rieur-resineo-drain-allee.jpg\" alt=\"Revetement Sol Ext\u00e9rieur Resineo Drain Allee\" class=\"wp-image-616\" srcset=\"https:\/\/staging.resineo.com\/guides\/wp-content\/uploads\/sites\/2\/2019\/10\/revetement-sol-ext\u00e9rieur-resineo-drain-allee.jpg 650w, https:\/\/staging.resineo.com\/guides\/wp-content\/uploads\/sites\/2\/2019\/10\/revetement-sol-ext\u00e9rieur-resineo-drain-allee-300x188.jpg 300w\" sizes=\"(max-width: 650px) 100vw, 650px\" \/><\/figure>\n<p><\/p>\n<p><span style=\"font-weight: 400;\">Ce rev\u00eatement technique se doit de r\u00e9pondre \u00e0 des sp\u00e9cificit\u00e9s attendues du fait de sa composition. Son pouvoir drainant et sa haute r\u00e9sistance m\u00e9canique doivent lui \u00eatre conf\u00e9r\u00e9s par l\u2019emploi d\u2019une r\u00e9sine adapt\u00e9e, ainsi que par l\u2019emploi d\u2019un granulat de pierre correctement s\u00e9lectionn\u00e9.<\/span><\/p>\n<p><\/p>\n<h2><span style=\"font-weight: 400;\">Le marbre et le quartz sont des min\u00e9raux adapt\u00e9s pour l\u2019application d\u2019un rev\u00eatement ext\u00e9rieur&nbsp;<\/span><\/h2>\n<p><\/p>\n<p><span style=\"font-weight: 400;\">Compte tenu du fait que la r\u00e9sine de pierre est surtout utilis\u00e9e pour \u00e9quiper une terrasse, les abords d\u2019une piscine, ou tout type de sols ext\u00e9rieurs, il est n\u00e9cessaire de choisir un granulat de pierre adapt\u00e9 \u00e0 ces applications.<\/span><\/p>\n<p><\/p>\n<p><span style=\"font-weight: 400;\">Le quartz et le marbre sont tout indiqu\u00e9s pour cet usage. Leur r\u00e9sistance et leur duret\u00e9 font des granulats produits \u00e0 partir de ces min\u00e9raux, des mat\u00e9riaux id\u00e9aux pour supporter les al\u00e9as auxquels les rev\u00eatements seront soumis. Toutefois, il est n\u00e9cessaire que ces pierres soient correctement pr\u00e9par\u00e9es pour garantir la solidit\u00e9 et le pouvoir drainant attendus.<\/span><\/p>\n<p><\/p>\n<p><span style=\"font-weight: 400;\">En effet, outre la protection offerte par les r\u00e9sines employ\u00e9es pour agglom\u00e9rer les granulats, ces derniers se doivent d\u2019\u00eatre s\u00e9lectionn\u00e9es et pr\u00e9par\u00e9s. D\u2019une part, le marbre utilis\u00e9 doit \u00eatre tr\u00e8s solide, or, en fonction de sa composition, il peut comporter plus ou moins de calcaire, offrant donc plus ou moins de r\u00e9sistance. Ensuite, la pierre utilis\u00e9e doit \u00eatre \u00e0 l\u2019\u00e9tat de granulat id\u00e9al pour la composition du tapis de pierre&nbsp;:&nbsp;<\/span><\/p>\n<p><\/p>\n<ul>\n<li><span style=\"font-weight: 400;\">La pierre doit \u00eatre concass\u00e9e.<\/span><\/li>\n<li><span style=\"font-weight: 400;\">Elle doit ensuite \u00eatre tamis\u00e9e pour ne retenir que les particules \u00e0 la bonne taille pour entrer dans la composition du rev\u00eatement de sol (granulom\u00e9trie).<\/span><\/li>\n<li><span style=\"font-weight: 400;\">Le granulat doit ensuite \u00eatre lav\u00e9 et s\u00e9ch\u00e9 pour \u00eatre d\u00e9barrass\u00e9 de la fine (poussi\u00e8re) qu\u2019il pourrait retenir.<\/span><\/li>\n<\/ul>\n<p><span style=\"font-weight: 400;\">Il ne s\u2019agit donc pas d\u2019utiliser n\u2019importe quelle pierre, dans n\u2019importe quel \u00e9tat. Il est important de r\u00e9aliser un travail de s\u00e9lection et de pr\u00e9paration rigoureux pour s\u2019assurer des qualit\u00e9s techniques du rev\u00eatement final.<\/span><\/p>\n<p><\/p>\n<figure class=\"wp-block-image\"><img decoding=\"async\" width=\"650\" height=\"433\" src=\"https:\/\/staging.resineo.com\/guides\/wp-content\/uploads\/sites\/2\/2019\/10\/revetement-granulat-allee-resine.jpg\" alt=\"Revetement Granulat Allee Resine\" class=\"wp-image-587\" srcset=\"https:\/\/staging.resineo.com\/guides\/wp-content\/uploads\/sites\/2\/2019\/10\/revetement-granulat-allee-resine.jpg 650w, https:\/\/staging.resineo.com\/guides\/wp-content\/uploads\/sites\/2\/2019\/10\/revetement-granulat-allee-resine-300x200.jpg 300w\" sizes=\"(max-width: 650px) 100vw, 650px\" \/><\/figure>\n<p><\/p>\n<h2><span style=\"font-weight: 400;\">Pourquoi utilise-t-on principalement du marbre et du quartz&nbsp;?<\/span><\/h2>\n<p><\/p>\n<p><span style=\"font-weight: 400;\">Tout d\u2019abord, ces pierres, lorsqu\u2019elles sont bien s\u00e9lectionn\u00e9es et pr\u00e9par\u00e9es, offrent beaucoup de r\u00e9sistance au rev\u00eatement de sol qu\u2019elles composent.<\/span><\/p>\n<p><\/p>\n<p><span style=\"font-weight: 400;\">Ensuite, compte tenu de la transparence des r\u00e9sines employ\u00e9es, elles permettent l\u2019adoption de couleurs min\u00e9rales naturelles pour habiller une surface ext\u00e9rieure. Cet aspect naturel repr\u00e9sente une plus-value \u00e0 la r\u00e9sine de pierre. Il permet ainsi de cr\u00e9er un rev\u00eatement de sol technique, dont l\u2019esth\u00e9tique mettra \u00e0 profit l\u2019utilisation d\u2019un mat\u00e9riau min\u00e9ral et naturel.&nbsp;<\/span><\/p>\n<p><\/p>\n<p><span style=\"font-weight: 400;\">Il arrive que le granit soit \u00e9galement utilis\u00e9 pour ce type de travaux, toutefois, la palette de coloris qu\u2019autorisent le marbre et le quartz permettent des compositions beaucoup plus riches et facilement adaptables aux lieux environnants.&nbsp;<\/span><\/p>\n<p><\/p>\n<p><span style=\"font-weight: 400;\">D\u2019un point de vue d\u00e9coratif, ces min\u00e9raux donnent des rev\u00eatements permettant la mise en exergue des lieux \u00e9quip\u00e9s et des diff\u00e9rents \u00e9l\u00e9ments pr\u00e9sents. Par exemple, une plage de piscine permettra de mettre en valeur le bassin, tout en garantissant la construction d\u2019une surface solide et fiable au fil du temps.&nbsp;<\/span><\/p>\n<p><\/p>\n<p><span style=\"font-weight: 400;\">En termes de co\u00fbt, ces min\u00e9raux sont accessibles. Pour autant, ils permettent la composition de rev\u00eatements haut de gamme, dont la qualit\u00e9 esth\u00e9tique est renforc\u00e9e par les qualit\u00e9s techniques octroy\u00e9es par les r\u00e9sines utilis\u00e9es pour le composer.<\/span><\/p>\n<p><\/p>\n<h2><span style=\"font-weight: 400;\">La r\u00e9sistance de la pierre alli\u00e9e aux propri\u00e9t\u00e9s de la r\u00e9sine<\/span><\/h2>\n<p><\/p>\n<p><span style=\"font-weight: 400;\">La duret\u00e9 de la pierre et la granulom\u00e9trie des granulats jouent pour beaucoup dans la qualit\u00e9 du rev\u00eatement cr\u00e9\u00e9, toutefois, la r\u00e9sine permet de garantir les propri\u00e9t\u00e9s du mat\u00e9riau mis en place&nbsp;:&nbsp;<\/span><\/p>\n<p><\/p>\n<ul>\n<li><span style=\"font-weight: 400;\">C\u2019est \u00e0 la r\u00e9sine que ce rev\u00eatement doit&nbsp; sa r\u00e9sistance m\u00e9canique.<\/span><\/li>\n<li><span style=\"font-weight: 400;\">C\u2019est elle qui garantit l\u2019int\u00e9grit\u00e9 de l\u2019agglom\u00e9rat.<\/span><\/li>\n<li><span style=\"font-weight: 400;\">C\u2019est \u00e9galement la r\u00e9sine qui donne son pouvoir <a href=\"https:\/\/staging.resineo.com\/guides\/revetement-resine\/resine-sol-exterieur\/revetement-drainant\/\">drainant<\/a> au mat\u00e9riau. Certes, les cavit\u00e9s pr\u00e9sente dans l\u2019\u00e9paisseur de la structure sont dues \u00e0 l\u2019emploi d\u2019un granulat, mais cette structure est fig\u00e9e gr\u00e2ce \u00e0 la r\u00e9sine. L\u2019eau de pluie peut ainsi \u00eatre facilement \u00e9vacu\u00e9e \u00e0 travers le rev\u00eatement.<\/span><\/li>\n<li><span style=\"font-weight: 400;\">De plus, le traitement de finition avec une r\u00e9sine d\u00e9di\u00e9e renforce l\u2019antid\u00e9rapance de la surface du rev\u00eatement.&nbsp;<\/span><\/li>\n<\/ul>\n<p><span style=\"font-weight: 400;\">De m\u00eame qu\u2019il est n\u00e9cessaire de choisir un granulat de pierre de haute qualit\u00e9, le choix de la r\u00e9sine est primordial. Elle sera le \u00ab&nbsp;ciment&nbsp;\u00bb de l\u2019ensemble du support, en plus de conf\u00e9rer la protection anti-UV et les propri\u00e9t\u00e9s techniques \u00e0 l\u2019ensemble.&nbsp;<\/span><\/p>\n<p><\/p>\n<p><span style=\"font-weight: 400;\">Aussi faut-il souligner que sa proportion ainsi que sa nature d\u00e9finiront l\u2019efficacit\u00e9 du rev\u00eatement de sol final.<\/span><\/p>\n<p><\/p>\n<figure class=\"wp-block-image\"><img decoding=\"async\" width=\"650\" height=\"488\" src=\"https:\/\/staging.resineo.com\/guides\/wp-content\/uploads\/sites\/2\/2019\/10\/revetement-granulat-bord-pisicne.jpg\" alt=\"Revetement Granulat Bord Pisicne\" class=\"wp-image-588\" srcset=\"https:\/\/staging.resineo.com\/guides\/wp-content\/uploads\/sites\/2\/2019\/10\/revetement-granulat-bord-pisicne.jpg 650w, https:\/\/staging.resineo.com\/guides\/wp-content\/uploads\/sites\/2\/2019\/10\/revetement-granulat-bord-pisicne-300x225.jpg 300w\" sizes=\"(max-width: 650px) 100vw, 650px\" \/><\/figure>\n<p><\/p>\n<h2><span style=\"font-weight: 400;\">La pierre utilis\u00e9e doit-elle \u00eatre choisie en fonction de l\u2019usage pr\u00e9vu pour le rev\u00eatement cr\u00e9\u00e9&nbsp;?<\/span><\/h2>\n<p><\/p>\n<p><span style=\"font-weight: 400;\">Il faut savoir que l\u2019un rev\u00eatement en r\u00e9sine et granulats peut avoir plusieurs fonctions. Il peut servir \u00e0 \u00e9quiper une terrasse ou une place qui ne supposent que la circulation de pi\u00e9tons, tandis qu\u2019il peut aussi servir \u00e0 \u00e9quiper des voies carrossables (all\u00e9e de garage, parking, piste cyclable, etc.).<\/span><\/p>\n<p><\/p>\n<p><span style=\"font-weight: 400;\">En r\u00e9alit\u00e9, peu importe l\u2019usage, aussi bien le marbre que le quartz seront adapt\u00e9s. En revanche, l\u2019\u00e9paisseur de granulat \u00e0 appliquer peut diff\u00e9rer&nbsp;:&nbsp;<\/span><\/p>\n<p><\/p>\n<ul>\n<li><span style=\"font-weight: 400;\">En pi\u00e9ton (non carrossable) : g\u00e9n\u00e9ralement pos\u00e9 sur dalle b\u00e9ton :&nbsp; 10mm de granulat de marbre ou de Quartz, tandis que sur graves (GNT) : 3cm (obligatoires) de granulat sera n\u00e9cessaire, que ce soit en Marbre ou en Quartz.<\/span><\/li>\n<li><span style=\"font-weight: 400;\">En Trafic VL (carrossable &gt;3.5T) : sur dalle b\u00e9ton de 15 cm,&nbsp;15 mm de granulat de marbre ou de quartz, tandis que sur graves (GNT) 3 cm seront n\u00e9cessaires, quel que soit le granulat utilis\u00e9.<\/span><\/li>\n<li><span style=\"font-weight: 400;\">Pour une voie carrossable pr\u00e9vue pour le trafic de poids lourds jusqu&rsquo;\u00e0 19T : sur dalle b\u00e9ton une \u00e9paisseur de 3cm de rev\u00eatement sont n\u00e9cessaires, tandis que sur graves (GNT&nbsp;carrossable de 50 cm), 3 cm de rev\u00eatement seront appliqu\u00e9s.<\/span><\/li>\n<\/ul>\n<p><span style=\"font-weight: 400;\">De plus, en termes de finitions, l\u2019application d\u2019une couche de r\u00e9sine suppl\u00e9mentaire, une fois le rev\u00eatement fig\u00e9, permettra de renforcer l\u2019anti-glissance, ainsi que la r\u00e9sistance m\u00e9canique du mat\u00e9riau.<\/span><\/p>\n<p><\/p>\n<p><span style=\"font-weight: 400;\">La solidit\u00e9 et l\u2019int\u00e9grit\u00e9 d\u2019un rev\u00eatement en r\u00e9sine ne d\u00e9pend donc pas seulement de la pierre, mais plut\u00f4t de la r\u00e9sine qui sera employ\u00e9e pour prot\u00e9ger et solidifier la structure du rev\u00eatement.<\/span><\/p>\n<p><\/p>\n<h2><span style=\"font-weight: 400;\">La pose du rev\u00eatement compte \u00e9norm\u00e9ment quant \u00e0 sa solidit\u00e9 et sa r\u00e9sistance dans le temps<\/span><\/h2>\n<p><\/p>\n<p><span style=\"font-weight: 400;\">Un point essentiel quant \u00e0 la r\u00e9sistance d\u2019un rev\u00eatement de sol en r\u00e9sine de pierre est la qualit\u00e9 de la r\u00e9alisation des travaux.<\/span><\/p>\n<p><\/p>\n<p><span style=\"font-weight: 400;\">Ces derniers doivent \u00eatre r\u00e9alis\u00e9s par un professionnel ou une entreprise. Seul une personne habilit\u00e9e \u00e0 travailler ce mat\u00e9riau sera \u00e0 m\u00eame de pr\u00e9parer correctement le support qui accueillera le granulat m\u00eal\u00e9 \u00e0 la r\u00e9sine. Compte tenu des diff\u00e9rentes \u00e9tapes n\u00e9cessaires pour la pr\u00e9paration et la mise en \u0153uvre de l\u2019ensemble, il s\u2019av\u00e8re \u00eatre contreproductif de vouloir se charger de ces travaux, sans \u00eatre au fait de tous les facteurs qui doivent \u00eatre respect\u00e9s pour en garantir la durabilit\u00e9.<\/span><\/p>\n<p><\/p>\n<p><span style=\"font-weight: 400;\">Si un rev\u00eatement en granulats min\u00e9raux vous int\u00e9resse pour \u00e9quiper une surface ext\u00e9rieure, faites donc appel \u00e0 une professionnel au fait des m\u00e9thodes de travail relatives \u00e0 ce type de rev\u00eatements. Il vous \u00e9pargnera bien des questions.&nbsp;<\/span><\/p>\n<p><\/p>\n<ul>\n<li><a href=\"https:\/\/staging.resineo.com\/guides\/revetement-resine\/resine-sol-exterieur\/duree-de-vie\/\">Quelle est la dur\u00e9e de vie d\u2019un rev\u00eatement de sol ext\u00e9rieur en r\u00e9sine de pierre ?<\/a><\/li>\n<li><a href=\"https:\/\/staging.resineo.com\/guides\/revetement-resine\/resine-sol-exterieur\/avantages\/\">Les avantages d&rsquo;un rev\u00eatement de sol ext\u00e9rieur en r\u00e9sine<\/a><\/li>\n<\/ul>\t\t\t\t\t\t\t\t<\/div>\n\t\t\t\t<\/div>\n\t\t\t\t\t<\/div>\n\t\t<\/div>\n\t\t\t\t\t<\/div>\n\t\t<\/section>\n\t\t\t\t<\/div>\n\t\t","protected":false},"excerpt":{"rendered":"<p>Sachant que la r\u00e9sine de pierre est un rev\u00eatement de sol compos\u00e9 plus de 90% de granulat min\u00e9ral, il est \u00e9vident que le choix de ce mat\u00e9riau va jouer un r\u00f4le d\u00e9terminant du point de vue de la qualit\u00e9 et de la r\u00e9sistance du produit fini. Ce rev\u00eatement technique se doit de r\u00e9pondre \u00e0 des [&hellip;]<\/p>\n","protected":false},"author":1,"featured_media":0,"parent":131,"menu_order":0,"comment_status":"closed","ping_status":"closed","template":"","meta":{"_uag_custom_page_level_css":"","footnotes":""},"class_list":["post-143","page","type-page","status-publish","hentry","entry"],"uagb_featured_image_src":{"full":false,"thumbnail":false,"medium":false,"medium_large":false,"large":false,"1536x1536":false,"2048x2048":false,"ocean-thumb-m":false,"ocean-thumb-ml":false,"ocean-thumb-l":false},"uagb_author_info":{"display_name":"admin","author_link":"https:\/\/staging.resineo.com\/guides\/author\/agoralys\/"},"uagb_comment_info":0,"uagb_excerpt":"Sachant que la r\u00e9sine de pierre est un rev\u00eatement de sol compos\u00e9 plus de 90% de granulat min\u00e9ral, il est \u00e9vident que le choix de ce mat\u00e9riau va jouer un r\u00f4le d\u00e9terminant du point de vue de la qualit\u00e9 et de la r\u00e9sistance du produit fini. Ce rev\u00eatement technique se doit de r\u00e9pondre \u00e0 des\u2026","_links":{"self":[{"href":"https:\/\/staging.resineo.com\/guides\/wp-json\/wp\/v2\/pages\/143","targetHints":{"allow":["GET"]}}],"collection":[{"href":"https:\/\/staging.resineo.com\/guides\/wp-json\/wp\/v2\/pages"}],"about":[{"href":"https:\/\/staging.resineo.com\/guides\/wp-json\/wp\/v2\/types\/page"}],"author":[{"embeddable":true,"href":"https:\/\/staging.resineo.com\/guides\/wp-json\/wp\/v2\/users\/1"}],"replies":[{"embeddable":true,"href":"https:\/\/staging.resineo.com\/guides\/wp-json\/wp\/v2\/comments?post=143"}],"version-history":[{"count":0,"href":"https:\/\/staging.resineo.com\/guides\/wp-json\/wp\/v2\/pages\/143\/revisions"}],"up":[{"embeddable":true,"href":"https:\/\/staging.resineo.com\/guides\/wp-json\/wp\/v2\/pages\/131"}],"wp:attachment":[{"href":"https:\/\/staging.resineo.com\/guides\/wp-json\/wp\/v2\/media?parent=143"}],"curies":[{"name":"wp","href":"https:\/\/api.w.org\/{rel}","templated":true}]}}